{"id":2000,"date":"2019-04-01T07:33:54","date_gmt":"2019-04-01T07:33:54","guid":{"rendered":"https:\/\/trankad.modeltheme.com\/?page_id=2000"},"modified":"2025-03-24T09:33:25","modified_gmt":"2025-03-24T08:33:25","slug":"home-handyman","status":"publish","type":"page","link":"https:\/\/isonia-conseil.fr\/index.php\/main-home-2\/home-handyman\/","title":{"rendered":"Contact"},"content":{"rendered":"\t\t<div data-elementor-type=\"wp-page\" data-elementor-id=\"2000\" class=\"elementor elementor-2000\">\n\t\t\t\t<div class=\"elementor-element elementor-element-51faa61 e-flex e-con-boxed e-con e-parent\" data-id=\"51faa61\" data-element_type=\"container\">\n\t\t\t\t\t<div class=\"e-con-inner\">\n\t\t\t\t<div class=\"elementor-element elementor-element-2158c22 elementor-widget elementor-widget-spacer\" data-id=\"2158c22\" data-element_type=\"widget\" data-widget_type=\"spacer.default\">\n\t\t\t\t<div class=\"elementor-widget-container\">\n\t\t\t\t\t\t\t<div class=\"elementor-spacer\">\n\t\t\t<div class=\"elementor-spacer-inner\"><\/div>\n\t\t<\/div>\n\t\t\t\t\t\t<\/div>\n\t\t\t\t<\/div>\n\t\t\t\t\t<\/div>\n\t\t\t\t<\/div>\n\t\t<div class=\"elementor-element elementor-element-43859cc e-flex e-con-boxed e-con e-parent\" data-id=\"43859cc\" data-element_type=\"container\">\n\t\t\t\t\t<div class=\"e-con-inner\">\n\t\t\t\t<div class=\"elementor-element elementor-element-634e65f elementor-widget elementor-widget-heading\" data-id=\"634e65f\" data-element_type=\"widget\" data-widget_type=\"heading.default\">\n\t\t\t\t<div class=\"elementor-widget-container\">\n\t\t\t\t\t<h2 class=\"elementor-heading-title elementor-size-default\">FONDATEURS &amp; FORMATEURS<\/h2>\t\t\t\t<\/div>\n\t\t\t\t<\/div>\n\t\t\t\t\t<\/div>\n\t\t\t\t<\/div>\n\t\t<div class=\"elementor-element elementor-element-686c8f6 e-flex e-con-boxed e-con e-parent\" data-id=\"686c8f6\" data-element_type=\"container\">\n\t\t\t\t\t<div class=\"e-con-inner\">\n\t\t\t\t<div class=\"elementor-element elementor-element-7caea8d elementor-widget__width-initial elementor-widget-divider--view-line elementor-widget elementor-widget-divider\" data-id=\"7caea8d\" data-element_type=\"widget\" data-widget_type=\"divider.default\">\n\t\t\t\t<div class=\"elementor-widget-container\">\n\t\t\t\t\t\t\t<div class=\"elementor-divider\">\n\t\t\t<span class=\"elementor-divider-separator\">\n\t\t\t\t\t\t<\/span>\n\t\t<\/div>\n\t\t\t\t\t\t<\/div>\n\t\t\t\t<\/div>\n\t\t\t\t\t<\/div>\n\t\t\t\t<\/div>\n\t\t<div class=\"elementor-element elementor-element-223fc12 e-flex e-con-boxed e-con e-parent\" data-id=\"223fc12\" data-element_type=\"container\">\n\t\t\t\t\t<div class=\"e-con-inner\">\n\t\t<div class=\"elementor-element elementor-element-dcda69c e-con-full e-flex e-con e-child\" data-id=\"dcda69c\" data-element_type=\"container\">\n\t\t\t\t<div class=\"elementor-element elementor-element-c1e0c81 elementor-widget__width-initial elementor-widget elementor-widget-image\" data-id=\"c1e0c81\" data-element_type=\"widget\" data-widget_type=\"image.default\">\n\t\t\t\t<div class=\"elementor-widget-container\">\n\t\t\t\t\t\t\t\t\t\t\t\t\t\t\t<img fetchpriority=\"high\" decoding=\"async\" width=\"320\" height=\"320\" src=\"https:\/\/isonia-conseil.fr\/wp-content\/uploads\/2025\/02\/BS.jpg\" class=\"attachment-large size-large wp-image-4554\" alt=\"\" srcset=\"https:\/\/isonia-conseil.fr\/wp-content\/uploads\/2025\/02\/BS.jpg 320w, https:\/\/isonia-conseil.fr\/wp-content\/uploads\/2025\/02\/BS-300x300.jpg 300w, https:\/\/isonia-conseil.fr\/wp-content\/uploads\/2025\/02\/BS-150x150.jpg 150w, https:\/\/isonia-conseil.fr\/wp-content\/uploads\/2025\/02\/BS-100x100.jpg 100w\" sizes=\"(max-width: 320px) 100vw, 320px\" \/>\t\t\t\t\t\t\t\t\t\t\t\t\t\t\t<\/div>\n\t\t\t\t<\/div>\n\t\t\t\t<div class=\"elementor-element elementor-element-fa48c88 elementor-widget__width-initial elementor-widget elementor-widget-text-editor\" data-id=\"fa48c88\" data-element_type=\"widget\" data-widget_type=\"text-editor.default\">\n\t\t\t\t<div class=\"elementor-widget-container\">\n\t\t\t\t\t\t\t\t\t<blockquote><h6 data-start=\"90\" data-end=\"453\"><em>&#8220;Ancien Directeur des Op\u00e9rations et membre d&#8217;une prestigieuse association internationale de concierges, j\u2019ai consacr\u00e9 17 ans \u00e0 l\u2019h\u00f4tellerie de luxe, o\u00f9 chaque d\u00e9tail compte et o\u00f9 l\u2019excellence repose sur une strat\u00e9gie bien d\u00e9finie. J\u2019ai appris que la r\u00e9ussite d\u2019un \u00e9tablissement ne d\u00e9pend pas seulement de son standing, mais surtout de la capacit\u00e9 de ses \u00e9quipes \u00e0 incarner ses valeurs et \u00e0 se surpasser chaque jour.<\/em><\/h6><h6 data-start=\"455\" data-end=\"661\"><em>C\u2019est pourquoi j\u2019ai fait de la formation un levier cl\u00e9 : structurer, transmettre et accompagner pour garantir une coh\u00e9rence dans l\u2019exp\u00e9rience client et assurer la performance durable d\u2019une entreprise.<\/em><\/h6><h6 data-start=\"663\" data-end=\"875\"><em>En cofondant Isonia Conseil, mon objectif est d\u2019aider les entreprises \u00e0 optimiser leur organisation, renforcer leurs \u00e9quipes et mettre en place des strat\u00e9gies d\u2019accueil et de service qui font la diff\u00e9rence.&#8221;<\/em><\/h6><h4 data-start=\"663\" data-end=\"875\"><em>\u00a0<\/em><\/h4><h4><strong style=\"font-size: 16px;\">Benoit Sadallah &#8211; Pr\u00e9sident &amp; Co-Founder<\/strong><\/h4><\/blockquote>\t\t\t\t\t\t\t\t<\/div>\n\t\t\t\t<\/div>\n\t\t<div class=\"elementor-element elementor-element-ccfff4c e-con-full e-flex e-con e-child\" data-id=\"ccfff4c\" data-element_type=\"container\">\n\t\t\t\t<div class=\"elementor-element elementor-element-8b1601e elementor-widget elementor-widget-text-editor\" data-id=\"8b1601e\" data-element_type=\"widget\" data-widget_type=\"text-editor.default\">\n\t\t\t\t<div class=\"elementor-widget-container\">\n\t\t\t\t\t\t\t\t\t<p>\ud83d\udcde +33(0) 7 87 04 19 70<br data-start=\"64\" data-end=\"67\" \/>\ud83d\udce7 contact@isonia-conseil.fr<\/p>\t\t\t\t\t\t\t\t<\/div>\n\t\t\t\t<\/div>\n\t\t\t\t<\/div>\n\t\t\t\t<\/div>\n\t\t<div class=\"elementor-element elementor-element-4e08f3a e-con-full e-flex e-con e-child\" data-id=\"4e08f3a\" data-element_type=\"container\">\n\t\t\t\t<div class=\"elementor-element elementor-element-2e2b7b5 elementor-widget elementor-widget-image\" data-id=\"2e2b7b5\" data-element_type=\"widget\" data-widget_type=\"image.default\">\n\t\t\t\t<div class=\"elementor-widget-container\">\n\t\t\t\t\t\t\t\t\t\t\t\t\t\t\t<img decoding=\"async\" width=\"320\" height=\"320\" src=\"https:\/\/isonia-conseil.fr\/wp-content\/uploads\/2025\/02\/Design-sans-titre.jpg\" class=\"attachment-large size-large wp-image-4446\" alt=\"\" srcset=\"https:\/\/isonia-conseil.fr\/wp-content\/uploads\/2025\/02\/Design-sans-titre.jpg 320w, https:\/\/isonia-conseil.fr\/wp-content\/uploads\/2025\/02\/Design-sans-titre-300x300.jpg 300w, https:\/\/isonia-conseil.fr\/wp-content\/uploads\/2025\/02\/Design-sans-titre-150x150.jpg 150w, https:\/\/isonia-conseil.fr\/wp-content\/uploads\/2025\/02\/Design-sans-titre-100x100.jpg 100w\" sizes=\"(max-width: 320px) 100vw, 320px\" \/>\t\t\t\t\t\t\t\t\t\t\t\t\t\t\t<\/div>\n\t\t\t\t<\/div>\n\t\t\t\t<div class=\"elementor-element elementor-element-d1974b8 elementor-widget elementor-widget-text-editor\" data-id=\"d1974b8\" data-element_type=\"widget\" data-widget_type=\"text-editor.default\">\n\t\t\t\t<div class=\"elementor-widget-container\">\n\t\t\t\t\t\t\t\t\t<blockquote><h6><em>&#8220;Ancienne Spa Manager et Adjointe de Direction Op\u00e9rationnelle, j\u2019ai toujours plac\u00e9 l\u2019humain au c\u0153ur de mon m\u00e9tier. Mon parcours m\u2019a permis d\u2019accompagner des \u00e9quipes, d\u2019optimiser l\u2019exp\u00e9rience client et de veiller au bien-\u00eatre au travail. Aujourd\u2019hui, en tant que formatrice, je transmets ce savoir-faire avec passion pour aider chacun \u00e0 \u00e9voluer, que ce soit dans son poste ou vers une nouvelle opportunit\u00e9 professionnelle.<\/em><\/h6><h6 data-start=\"552\" data-end=\"905\"><em>Parce qu\u2019un accueil d\u2019exception repose sur des \u00e9quipes engag\u00e9es et confiantes, je suis convaincue que chaque collaborateur doit se sentir ambassadeur de son \u00e9tablissement.<\/em><\/h6><h6 data-start=\"115\" data-end=\"513\"><em>C\u2019est avec cette vision que j\u2019ai cofond\u00e9 Isonia Conseil : donner aux entreprises et aux individus les cl\u00e9s pour d\u00e9velopper leur posture professionnelle, se sentir l\u00e9gitimes et offrir une exp\u00e9rience client inoubliable.<\/em><\/h6><p>\u00a0<\/p><h6 data-start=\"115\" data-end=\"513\"><strong style=\"font-size: 16px;\">M\u00e9lanie Hauterat &#8211; CEO &amp; Co-Founder<\/strong><\/h6><\/blockquote>\t\t\t\t\t\t\t\t<\/div>\n\t\t\t\t<\/div>\n\t\t<div class=\"elementor-element elementor-element-1743dae e-con-full e-flex e-con e-child\" data-id=\"1743dae\" data-element_type=\"container\">\n\t\t\t\t<div class=\"elementor-element elementor-element-5618557 elementor-widget elementor-widget-text-editor\" data-id=\"5618557\" data-element_type=\"widget\" data-widget_type=\"text-editor.default\">\n\t\t\t\t<div class=\"elementor-widget-container\">\n\t\t\t\t\t\t\t\t\t<p data-start=\"52\" data-end=\"78\">\ud83d\udcde +33(0) 6 03 59 64 43<br data-start=\"64\" data-end=\"67\" \/>\ud83d\udce7 contact@isonia-conseil.fr<\/p>\t\t\t\t\t\t\t\t<\/div>\n\t\t\t\t<\/div>\n\t\t\t\t<\/div>\n\t\t\t\t<\/div>\n\t\t\t\t\t<\/div>\n\t\t\t\t<\/div>\n\t\t<div class=\"elementor-element elementor-element-29cbc96 e-flex e-con-boxed e-con e-parent\" data-id=\"29cbc96\" data-element_type=\"container\">\n\t\t\t\t\t<div class=\"e-con-inner\">\n\t\t\t\t<div class=\"elementor-element elementor-element-2f18e8a elementor-widget__width-initial elementor-widget-divider--view-line elementor-widget elementor-widget-divider\" data-id=\"2f18e8a\" data-element_type=\"widget\" data-widget_type=\"divider.default\">\n\t\t\t\t<div class=\"elementor-widget-container\">\n\t\t\t\t\t\t\t<div class=\"elementor-divider\">\n\t\t\t<span class=\"elementor-divider-separator\">\n\t\t\t\t\t\t<\/span>\n\t\t<\/div>\n\t\t\t\t\t\t<\/div>\n\t\t\t\t<\/div>\n\t\t\t\t\t<\/div>\n\t\t\t\t<\/div>\n\t\t<div class=\"elementor-element elementor-element-7666b6a e-flex e-con-boxed e-con e-parent\" data-id=\"7666b6a\" data-element_type=\"container\">\n\t\t\t\t\t<div class=\"e-con-inner\">\n\t\t\t\t<div class=\"elementor-element elementor-element-223846b elementor-widget elementor-widget-spacer\" data-id=\"223846b\" data-element_type=\"widget\" data-widget_type=\"spacer.default\">\n\t\t\t\t<div class=\"elementor-widget-container\">\n\t\t\t\t\t\t\t<div class=\"elementor-spacer\">\n\t\t\t<div class=\"elementor-spacer-inner\"><\/div>\n\t\t<\/div>\n\t\t\t\t\t\t<\/div>\n\t\t\t\t<\/div>\n\t\t\t\t<div class=\"elementor-element elementor-element-4d7be6d elementor-widget elementor-widget-text-editor\" data-id=\"4d7be6d\" data-element_type=\"widget\" data-widget_type=\"text-editor.default\">\n\t\t\t\t<div class=\"elementor-widget-container\">\n\t\t\t\t\t\t\t\t\t<p>Des questions ou un projet \u00e0 discuter ? Remplissez le formulaire ci-dessous, nous vous r\u00e9pondrons rapidement.<\/p>\t\t\t\t\t\t\t\t<\/div>\n\t\t\t\t<\/div>\n\t\t\t\t\t<\/div>\n\t\t\t\t<\/div>\n\t\t<div class=\"elementor-element elementor-element-23ddb56 e-flex e-con-boxed e-con e-parent\" data-id=\"23ddb56\" data-element_type=\"container\">\n\t\t\t\t\t<div class=\"e-con-inner\">\n\t\t<div class=\"elementor-element elementor-element-ba2b8f6 e-con-full e-flex e-con e-child\" data-id=\"ba2b8f6\" data-element_type=\"container\">\n\t\t\t\t<div class=\"elementor-element elementor-element-fa39f9e elementor-widget elementor-widget-text-editor\" data-id=\"fa39f9e\" data-element_type=\"widget\" data-widget_type=\"text-editor.default\">\n\t\t\t\t<div class=\"elementor-widget-container\">\n\t\t\t\t\t\t\t\t\t<p>\n<div class=\"wpcf7 no-js\" id=\"wpcf7-f4436-o1\" lang=\"fr-FR\" dir=\"ltr\" data-wpcf7-id=\"4436\">\n<div class=\"screen-reader-response\"><p role=\"status\" aria-live=\"polite\" aria-atomic=\"true\"><\/p> <ul><\/ul><\/div>\n<form action=\"\/index.php\/wp-json\/wp\/v2\/pages\/2000#wpcf7-f4436-o1\" method=\"post\" class=\"wpcf7-form init\" aria-label=\"Formulaire de contact\" novalidate=\"novalidate\" data-status=\"init\">\n<div style=\"display: none;\">\n<input type=\"hidden\" name=\"_wpcf7\" value=\"4436\" \/>\n<input type=\"hidden\" name=\"_wpcf7_version\" value=\"6.0.4\" \/>\n<input type=\"hidden\" name=\"_wpcf7_locale\" value=\"fr_FR\" \/>\n<input type=\"hidden\" name=\"_wpcf7_unit_tag\" value=\"wpcf7-f4436-o1\" \/>\n<input type=\"hidden\" name=\"_wpcf7_container_post\" value=\"0\" \/>\n<input type=\"hidden\" name=\"_wpcf7_posted_data_hash\" value=\"\" \/>\n<\/div>\n<p><label> Votre nom<br \/>\n<span class=\"wpcf7-form-control-wrap\" data-name=\"your-name\"><input size=\"40\" maxlength=\"400\" class=\"wpcf7-form-control wpcf7-text wpcf7-validates-as-required\" autocomplete=\"name\" aria-required=\"true\" aria-invalid=\"false\" value=\"\" type=\"text\" name=\"your-name\" \/><\/span> <\/label>\n<\/p>\n<p><label> Votre e-mail<br \/>\n<span class=\"wpcf7-form-control-wrap\" data-name=\"your-email\"><input size=\"40\" maxlength=\"400\" class=\"wpcf7-form-control wpcf7-email wpcf7-validates-as-required wpcf7-text wpcf7-validates-as-email\" autocomplete=\"email\" aria-required=\"true\" aria-invalid=\"false\" value=\"\" type=\"email\" name=\"your-email\" \/><\/span> <\/label>\n<\/p>\n<p><label> Votre t\u00e9l\u00e9phone<br \/>\n<span class=\"wpcf7-form-control-wrap\" data-name=\"your-phone\"><input size=\"40\" maxlength=\"400\" class=\"wpcf7-form-control wpcf7-text wpcf7-validates-as-required\" autocomplete=\"phone\" aria-required=\"true\" aria-invalid=\"false\" value=\"\" type=\"text\" name=\"your-phone\" \/><\/span> <\/label>\n<\/p>\n<p><label> Objet<br \/>\n<span class=\"wpcf7-form-control-wrap\" data-name=\"your-subject\"><input size=\"40\" maxlength=\"400\" class=\"wpcf7-form-control wpcf7-text wpcf7-validates-as-required\" aria-required=\"true\" aria-invalid=\"false\" value=\"\" type=\"text\" name=\"your-subject\" \/><\/span> <\/label>\n<\/p>\n<p><label> Votre message (facultatif)<br \/>\n<span class=\"wpcf7-form-control-wrap\" data-name=\"your-message\"><textarea cols=\"40\" rows=\"10\" maxlength=\"2000\" class=\"wpcf7-form-control wpcf7-textarea\" aria-invalid=\"false\" name=\"your-message\"><\/textarea><\/span> <\/label>\n<\/p>\n<p><input class=\"wpcf7-form-control wpcf7-submit has-spinner\" type=\"submit\" value=\"Envoyer\" \/>\n<\/p><p style=\"display: none !important;\"><label>&#916;<textarea name=\"_wpcf7_ak_hp_textarea\" cols=\"45\" rows=\"8\" maxlength=\"100\"><\/textarea><\/label><input type=\"hidden\" id=\"ak_js_1\" name=\"_wpcf7_ak_js\" value=\"200\"\/><script>document.getElementById( \"ak_js_1\" ).setAttribute( \"value\", ( new Date() ).getTime() );<\/script><\/p><div class=\"wpcf7-response-output\" aria-hidden=\"true\"><\/div>\n<\/form>\n<\/div>\n<\/p>\t\t\t\t\t\t\t\t<\/div>\n\t\t\t\t<\/div>\n\t\t\t\t<\/div>\n\t\t<div class=\"elementor-element elementor-element-ae9b5dd e-con-full e-flex e-con e-child\" data-id=\"ae9b5dd\" data-element_type=\"container\">\n\t\t<div class=\"elementor-element elementor-element-21123a0 e-con-full e-flex e-con e-child\" data-id=\"21123a0\" data-element_type=\"container\">\n\t\t\t\t<\/div>\n\t\t<div class=\"elementor-element elementor-element-81c7870 e-con-full e-flex e-con e-child\" data-id=\"81c7870\" data-element_type=\"container\">\n\t\t\t\t<div class=\"elementor-element elementor-element-478c14a elementor-widget elementor-widget-google_maps\" data-id=\"478c14a\" data-element_type=\"widget\" data-widget_type=\"google_maps.default\">\n\t\t\t\t<div class=\"elementor-widget-container\">\n\t\t\t\t\t\t\t<div class=\"elementor-custom-embed\">\n\t\t\t<iframe loading=\"lazy\"\n\t\t\t\t\tsrc=\"https:\/\/maps.google.com\/maps?q=isonia%20conseil%20aix&#038;t=m&#038;z=10&#038;output=embed&#038;iwloc=near\"\n\t\t\t\t\ttitle=\"isonia conseil aix\"\n\t\t\t\t\taria-label=\"isonia conseil aix\"\n\t\t\t><\/iframe>\n\t\t<\/div>\n\t\t\t\t\t\t<\/div>\n\t\t\t\t<\/div>\n\t\t\t\t<\/div>\n\t\t\t\t<\/div>\n\t\t\t\t\t<\/div>\n\t\t\t\t<\/div>\n\t\t<div class=\"elementor-element elementor-element-0b4add2 e-flex e-con-boxed e-con e-parent\" data-id=\"0b4add2\" data-element_type=\"container\">\n\t\t\t\t\t<div class=\"e-con-inner\">\n\t\t\t\t<div class=\"elementor-element elementor-element-1c8c0bb elementor-widget elementor-widget-spacer\" data-id=\"1c8c0bb\" data-element_type=\"widget\" data-widget_type=\"spacer.default\">\n\t\t\t\t<div class=\"elementor-widget-container\">\n\t\t\t\t\t\t\t<div class=\"elementor-spacer\">\n\t\t\t<div class=\"elementor-spacer-inner\"><\/div>\n\t\t<\/div>\n\t\t\t\t\t\t<\/div>\n\t\t\t\t<\/div>\n\t\t\t\t\t<\/div>\n\t\t\t\t<\/div>\n\t\t<div class=\"elementor-element elementor-element-4ceff27 e-flex e-con-boxed e-con e-parent\" data-id=\"4ceff27\" data-element_type=\"container\">\n\t\t\t\t\t<div class=\"e-con-inner\">\n\t\t\t\t<div class=\"elementor-element elementor-element-f5e5c69 elementor-widget elementor-widget-spacer\" data-id=\"f5e5c69\" data-element_type=\"widget\" data-widget_type=\"spacer.default\">\n\t\t\t\t<div class=\"elementor-widget-container\">\n\t\t\t\t\t\t\t<div class=\"elementor-spacer\">\n\t\t\t<div class=\"elementor-spacer-inner\"><\/div>\n\t\t<\/div>\n\t\t\t\t\t\t<\/div>\n\t\t\t\t<\/div>\n\t\t\t\t\t<\/div>\n\t\t\t\t<\/div>\n\t\t\t\t<\/div>\n\t\t","protected":false},"excerpt":{"rendered":"<p>FONDATEURS &amp; FORMATEURS &#8220;Ancien Directeur des Op\u00e9rations et membre d&#8217;une prestigieuse association internationale de concierges, j\u2019ai consacr\u00e9 17 ans \u00e0 l\u2019h\u00f4tellerie de luxe, o\u00f9 chaque d\u00e9tail compte et o\u00f9 l\u2019excellence repose sur une strat\u00e9gie bien d\u00e9finie. J\u2019ai appris que la r\u00e9ussite d\u2019un \u00e9tablissement ne d\u00e9pend pas seulement de son standing, mais surtout de la capacit\u00e9 [&hellip;]<\/p>\n","protected":false},"author":1,"featured_media":0,"parent":1633,"menu_order":0,"comment_status":"closed","ping_status":"closed","template":"","meta":{"footnotes":""},"class_list":["post-2000","page","type-page","status-publish","hentry"],"_links":{"self":[{"href":"https:\/\/isonia-conseil.fr\/index.php\/wp-json\/wp\/v2\/pages\/2000","targetHints":{"allow":["GET"]}}],"collection":[{"href":"https:\/\/isonia-conseil.fr\/index.php\/wp-json\/wp\/v2\/pages"}],"about":[{"href":"https:\/\/isonia-conseil.fr\/index.php\/wp-json\/wp\/v2\/types\/page"}],"author":[{"embeddable":true,"href":"https:\/\/isonia-conseil.fr\/index.php\/wp-json\/wp\/v2\/users\/1"}],"replies":[{"embeddable":true,"href":"https:\/\/isonia-conseil.fr\/index.php\/wp-json\/wp\/v2\/comments?post=2000"}],"version-history":[{"count":69,"href":"https:\/\/isonia-conseil.fr\/index.php\/wp-json\/wp\/v2\/pages\/2000\/revisions"}],"predecessor-version":[{"id":5964,"href":"https:\/\/isonia-conseil.fr\/index.php\/wp-json\/wp\/v2\/pages\/2000\/revisions\/5964"}],"up":[{"embeddable":true,"href":"https:\/\/isonia-conseil.fr\/index.php\/wp-json\/wp\/v2\/pages\/1633"}],"wp:attachment":[{"href":"https:\/\/isonia-conseil.fr\/index.php\/wp-json\/wp\/v2\/media?parent=2000"}],"curies":[{"name":"wp","href":"https:\/\/api.w.org\/{rel}","templated":true}]}}