{"id":5243,"date":"2025-03-07T15:18:02","date_gmt":"2025-03-07T14:18:02","guid":{"rendered":"https:\/\/isonia-conseil.fr\/?page_id=5243"},"modified":"2025-04-29T11:27:27","modified_gmt":"2025-04-29T09:27:27","slug":"le-metier-de-night-auditor","status":"publish","type":"page","link":"https:\/\/isonia-conseil.fr\/index.php\/le-metier-de-night-auditor\/","title":{"rendered":"Le M\u00e9tier de Night Auditor"},"content":{"rendered":"\t\t<div data-elementor-type=\"wp-page\" data-elementor-id=\"5243\" class=\"elementor elementor-5243\">\n\t\t\t\t<div class=\"elementor-element elementor-element-1fcf69b e-flex e-con-boxed e-con e-parent\" data-id=\"1fcf69b\" data-element_type=\"container\">\n\t\t\t\t\t<div class=\"e-con-inner\">\n\t\t\t\t<div class=\"elementor-element elementor-element-68a9b76 elementor-widget elementor-widget-spacer\" data-id=\"68a9b76\" data-element_type=\"widget\" data-widget_type=\"spacer.default\">\n\t\t\t\t<div class=\"elementor-widget-container\">\n\t\t\t\t\t\t\t<div class=\"elementor-spacer\">\n\t\t\t<div class=\"elementor-spacer-inner\"><\/div>\n\t\t<\/div>\n\t\t\t\t\t\t<\/div>\n\t\t\t\t<\/div>\n\t\t\t\t<div class=\"elementor-element elementor-element-3c8e894 elementor-widget elementor-widget-heading\" data-id=\"3c8e894\" data-element_type=\"widget\" data-widget_type=\"heading.default\">\n\t\t\t\t<div class=\"elementor-widget-container\">\n\t\t\t\t\t<h2 class=\"elementor-heading-title elementor-size-default\">LE M\u00c9TIER DE NIGHT AUDITOR<\/h2>\t\t\t\t<\/div>\n\t\t\t\t<\/div>\n\t\t\t\t<div class=\"elementor-element elementor-element-609a4c9 elementor-widget elementor-widget-spacer\" data-id=\"609a4c9\" data-element_type=\"widget\" data-widget_type=\"spacer.default\">\n\t\t\t\t<div class=\"elementor-widget-container\">\n\t\t\t\t\t\t\t<div class=\"elementor-spacer\">\n\t\t\t<div class=\"elementor-spacer-inner\"><\/div>\n\t\t<\/div>\n\t\t\t\t\t\t<\/div>\n\t\t\t\t<\/div>\n\t\t\t\t\t<\/div>\n\t\t\t\t<\/div>\n\t\t<div class=\"elementor-element elementor-element-e9e5c9d e-flex e-con-boxed e-con e-parent\" data-id=\"e9e5c9d\" data-element_type=\"container\">\n\t\t\t\t\t<div class=\"e-con-inner\">\n\t\t<div class=\"elementor-element elementor-element-e1693fe e-con-full e-flex e-con e-child\" data-id=\"e1693fe\" data-element_type=\"container\" data-settings=\"{&quot;background_background&quot;:&quot;classic&quot;}\">\n\t\t<div class=\"elementor-element elementor-element-e3d08b5 e-con-full e-flex e-con e-child\" data-id=\"e3d08b5\" data-element_type=\"container\" data-settings=\"{&quot;background_background&quot;:&quot;classic&quot;}\">\n\t\t\t\t<div class=\"elementor-element elementor-element-07f9417 elementor-widget elementor-widget-heading\" data-id=\"07f9417\" data-element_type=\"widget\" data-widget_type=\"heading.default\">\n\t\t\t\t<div class=\"elementor-widget-container\">\n\t\t\t\t\t<h2 class=\"elementor-heading-title elementor-size-default\">OBJECTIFS P\u00c9DAGOGIQUES<\/h2>\t\t\t\t<\/div>\n\t\t\t\t<\/div>\n\t\t\t\t<\/div>\n\t\t\t\t<div class=\"elementor-element elementor-element-a071a97 elementor-widget elementor-widget-text-editor\" data-id=\"a071a97\" data-element_type=\"widget\" data-widget_type=\"text-editor.default\">\n\t\t\t\t<div class=\"elementor-widget-container\">\n\t\t\t\t\t\t\t\t\t<p>S\u00e9curiser et professionnaliser la gestion de nuit en h\u00f4tellerie pour garantir un service fluide et performant. Travailler<br \/>de nuit exige des comp\u00e9tences sp\u00e9cifiques en autonomie, en gestion des urgences et en organisation des t\u00e2ches. Cette<br \/>formation permet aux \u00e9quipes de ma\u00eetriser les attentes du poste, d\u2019assurer une continuit\u00e9 de service optimale et de<br \/>g\u00e9rer efficacement les situations sensibles qui peuvent survenir en l\u2019absence des \u00e9quipes de jour.<\/p><p>Contenu de la formation :<\/p><p>\u232a<strong>Connaissance de l\u2019H\u00f4tel et Outils \u00e0 Disposition :<\/strong> Ma\u00eetriser les logiciels h\u00f4teliers et proc\u00e9dures internes.<br \/>\u232a<strong>Posture et S\u00e9curit\u00e9 :<\/strong> Garantir un environnement rassurant et un service impeccable.<br \/>\u232a<strong>Organisation et Priorisation des T\u00e2ches :<\/strong> G\u00e9rer efficacement les diff\u00e9rentes missions de la nuit.<br \/>\u232a<strong>Gestion des Urgences et Situations Sensibles :<\/strong> R\u00e9agir rapidement aux incidents et g\u00e9rer les conflits.<br \/>\u232a<strong>Vie et \u00c9quilibre Personnel du Night Auditor :<\/strong> Adapter son rythme de vie pour bien vivre le travail de nuit.<\/p>\t\t\t\t\t\t\t\t<\/div>\n\t\t\t\t<\/div>\n\t\t<div class=\"elementor-element elementor-element-d6579e3 e-con-full e-flex e-con e-child\" data-id=\"d6579e3\" data-element_type=\"container\">\n\t\t\t\t<div class=\"elementor-element elementor-element-8a1c830 elementor-widget elementor-widget-heading\" data-id=\"8a1c830\" data-element_type=\"widget\" data-widget_type=\"heading.default\">\n\t\t\t\t<div class=\"elementor-widget-container\">\n\t\t\t\t\t<h2 class=\"elementor-heading-title elementor-size-default\">PUBLIC CIBL\u00c9<\/h2>\t\t\t\t<\/div>\n\t\t\t\t<\/div>\n\t\t\t\t<\/div>\n\t\t<div class=\"elementor-element elementor-element-bf7c86c e-con-full e-flex e-con e-child\" data-id=\"bf7c86c\" data-element_type=\"container\" data-settings=\"{&quot;background_background&quot;:&quot;classic&quot;}\">\n\t\t\t\t<div class=\"elementor-element elementor-element-3c014a6 elementor-widget elementor-widget-text-editor\" data-id=\"3c014a6\" data-element_type=\"widget\" data-widget_type=\"text-editor.default\">\n\t\t\t\t<div class=\"elementor-widget-container\">\n\t\t\t\t\t\t\t\t\t<p class=\"p1\"><span class=\"OYPEnA font-feature-liga-off font-feature-clig-off font-feature-calt-off text-decoration-none text-strikethrough-none\">\u00c9quipes op\u00e9rationnelles en contact direct avec la clientele<\/span><\/p>\t\t\t\t\t\t\t\t<\/div>\n\t\t\t\t<\/div>\n\t\t\t\t<\/div>\n\t\t\t\t<\/div>\n\t\t<div class=\"elementor-element elementor-element-978183c e-con-full e-flex e-con e-child\" data-id=\"978183c\" data-element_type=\"container\">\n\t\t\t\t<div class=\"elementor-element elementor-element-98c7d5c elementor-widget elementor-widget-heading\" data-id=\"98c7d5c\" data-element_type=\"widget\" data-widget_type=\"heading.default\">\n\t\t\t\t<div class=\"elementor-widget-container\">\n\t\t\t\t\t<h2 class=\"elementor-heading-title elementor-size-default\">PR\u00c9REQUIS <\/h2>\t\t\t\t<\/div>\n\t\t\t\t<\/div>\n\t\t<div class=\"elementor-element elementor-element-e130a62 e-con-full e-flex e-con e-child\" data-id=\"e130a62\" data-element_type=\"container\">\n\t\t\t\t<div class=\"elementor-element elementor-element-27ba478 elementor-widget elementor-widget-text-editor\" data-id=\"27ba478\" data-element_type=\"widget\" data-widget_type=\"text-editor.default\">\n\t\t\t\t<div class=\"elementor-widget-container\">\n\t\t\t\t\t\t\t\t\t<p class=\"p1\">Aucun pr\u00e9requis n\u00e9cessaire<\/p>\t\t\t\t\t\t\t\t<\/div>\n\t\t\t\t<\/div>\n\t\t<div class=\"elementor-element elementor-element-bc07c6f e-con-full e-flex e-con e-child\" data-id=\"bc07c6f\" data-element_type=\"container\">\n\t\t\t\t<div class=\"elementor-element elementor-element-8c6e15f elementor-widget elementor-widget-heading\" data-id=\"8c6e15f\" data-element_type=\"widget\" data-widget_type=\"heading.default\">\n\t\t\t\t<div class=\"elementor-widget-container\">\n\t\t\t\t\t<h2 class=\"elementor-heading-title elementor-size-default\">INFORMATIONS<\/h2>\t\t\t\t<\/div>\n\t\t\t\t<\/div>\n\t\t<div class=\"elementor-element elementor-element-6c24aca e-con-full e-flex e-con e-child\" data-id=\"6c24aca\" data-element_type=\"container\">\n\t\t\t\t<div class=\"elementor-element elementor-element-de8a79f elementor-widget elementor-widget-text-editor\" data-id=\"de8a79f\" data-element_type=\"widget\" data-widget_type=\"text-editor.default\">\n\t\t\t\t<div class=\"elementor-widget-container\">\n\t\t\t\t\t\t\t\t\t<div class=\"elementor-element elementor-element-ec8220d elementor-widget elementor-widget-text-editor\" data-id=\"ec8220d\" data-element_type=\"widget\" data-widget_type=\"text-editor.default\"><div class=\"elementor-widget-container\"><div class=\"elementor-element elementor-element-ec8220d elementor-widget elementor-widget-text-editor\" data-id=\"ec8220d\" data-element_type=\"widget\" data-widget_type=\"text-editor.default\"><div class=\"elementor-widget-container\"><p><b>Dur\u00e9e<\/b> :<\/p><\/div><\/div><div class=\"elementor-element elementor-element-7c69376 elementor-widget elementor-widget-heading\" data-id=\"7c69376\" data-element_type=\"widget\" data-widget_type=\"heading.default\"><div class=\"elementor-widget-container\"><p><span style=\"text-decoration: underline;\">Recueil des besoins :<\/span><\/p><p style=\"font-weight: 400;\">Questionnaire pr\u00e9alable, entretien.<\/p><p><span style=\"text-decoration: underline;\">Dur\u00e9e de la formation\u00a0:<\/span><\/p><div><div><p>7 heures, r\u00e9parties en deux sessions de 3h30 sur leur d\u00e9but de shift, ou une journ\u00e9e compl\u00e8te. (\u00c9quipe de 2 personnes maximum)<\/p><\/div><\/div><p class=\"p1\"><b>Modalit\u00e9s d\u2019organisation<\/b> :<\/p><p><span style=\"text-decoration: underline;\">Pr\u00e9sentiel:<\/span> Formation dispens\u00e9e dans vos locaux ou en centre de formation.<\/p><p><span style=\"text-decoration: underline;\">Dates: <\/span>\u00c0 d\u00e9terminer avec les entreprises clientes.<\/p><p><span style=\"text-decoration: underline;\">D\u00e9lais d\u2019acc\u00e8s\u00a0:<\/span><\/p><p>D\u00e9lais moyen : 2 semaines (entre le recueil des besoins et la date de la formation)<\/p><div>\u00a0<\/div><\/div><\/div><div class=\"elementor-element elementor-element-e1466bb elementor-widget elementor-widget-heading\" data-id=\"e1466bb\" data-element_type=\"widget\" data-widget_type=\"heading.default\"><div class=\"elementor-widget-container\"><p class=\"p1\"><b>Tarifs<\/b><\/p><\/div><\/div><div class=\"elementor-element elementor-element-f59852c elementor-widget elementor-widget-text-editor\" data-id=\"f59852c\" data-element_type=\"widget\" data-widget_type=\"text-editor.default\"><div class=\"elementor-widget-container\"><ul><li><p><strong>Formation inter-entreprises<\/strong>:<strong><br \/><\/strong><strong>500 \u20ac TTC \/ jour \/ participant<\/strong><strong><br \/><\/strong><em>(Sessions regroupant des participants issus de plusieurs entreprises, organis\u00e9es dans nos locaux ou en salle externe)<\/em><\/p><\/li><\/ul><p style=\"font-weight: 400;\"><strong>\u00a0<\/strong><\/p><ul><li><p><strong>Formation intra-entreprise<\/strong>:<strong><br \/><\/strong><strong>Tarif sur mesure<\/strong><strong>, <\/strong>d\u00e9termin\u00e9 en fonction du<strong>\u00a0<\/strong><strong>nombre de participants<\/strong><strong>.<br \/><\/strong><em>(La formation peut se d\u00e9rouler dans les locaux de l\u2019entreprise ou dans une salle externe d\u00e9di\u00e9e, selon les besoins)<\/em><\/p><\/li><\/ul><\/div><\/div><\/div><\/div>\t\t\t\t\t\t\t\t<\/div>\n\t\t\t\t<\/div>\n\t\t\t\t<\/div>\n\t\t\t\t<\/div>\n\t\t\t\t<\/div>\n\t\t\t\t<\/div>\n\t\t\t\t\t<\/div>\n\t\t\t\t<\/div>\n\t\t<div class=\"elementor-element elementor-element-635f158 e-flex e-con-boxed e-con e-parent\" data-id=\"635f158\" data-element_type=\"container\">\n\t\t\t\t\t<div class=\"e-con-inner\">\n\t\t<div class=\"elementor-element elementor-element-82b41dc e-con-full e-flex e-con e-child\" data-id=\"82b41dc\" data-element_type=\"container\">\n\t\t<div class=\"elementor-element elementor-element-c194175 e-con-full e-flex e-con e-child\" data-id=\"c194175\" data-element_type=\"container\">\n\t\t\t\t<div class=\"elementor-element elementor-element-985cbae elementor-widget elementor-widget-text-editor\" data-id=\"985cbae\" data-element_type=\"widget\" data-widget_type=\"text-editor.default\">\n\t\t\t\t<div class=\"elementor-widget-container\">\n\t\t\t\t\t\t\t\t\t<blockquote><h3>\u00a0<\/h3><h3 class=\"p1\"><strong><span style=\"color: #000000;\">ACCESSIBILIT\u00c9 PSH<\/span><\/strong><\/h3><p>\u00a0<\/p><\/blockquote>\t\t\t\t\t\t\t\t<\/div>\n\t\t\t\t<\/div>\n\t\t\t\t<\/div>\n\t\t<div class=\"elementor-element elementor-element-45c36a7 e-con-full e-flex e-con e-child\" data-id=\"45c36a7\" data-element_type=\"container\">\n\t\t\t\t<div class=\"elementor-element elementor-element-973ca03 elementor-widget elementor-widget-text-editor\" data-id=\"973ca03\" data-element_type=\"widget\" data-widget_type=\"text-editor.default\">\n\t\t\t\t<div class=\"elementor-widget-container\">\n\t\t\t\t\t\t\t\t\t<p><span style=\"font-weight: 400;\"><strong>Nous nous engageons \u00e0 rendre nos formations accessibles \u00e0 tous :<\/strong><\/span><\/p><ul style=\"font-weight: 400;\"><li>Possibilit\u00e9 d\u2019adapter le rythme et le format d\u2019apprentissage<\/li><li>Documents en version adapt\u00e9e (police agrandie, support audio)<\/li><li>Lieux de formation accessibles aux personnes \u00e0 mobilit\u00e9 r\u00e9duite<\/li><\/ul><p><span style=\"font-weight: 400;\"><strong>Pour toute question ou besoin sp\u00e9cifique, contactez-nous.<\/strong><\/span><\/p><p>R\u00e9f\u00e9rent PSH : M\u00e9lanie Hauterat <a href=\"mailto:contact@isonia-conseil.fr\">contact@isonia-conseil.fr<\/a><\/p>\t\t\t\t\t\t\t\t<\/div>\n\t\t\t\t<\/div>\n\t\t\t\t<\/div>\n\t\t\t\t<\/div>\n\t\t\t\t\t<\/div>\n\t\t\t\t<\/div>\n\t\t<div class=\"elementor-element elementor-element-400bc91 e-flex e-con-boxed e-con e-parent\" data-id=\"400bc91\" data-element_type=\"container\">\n\t\t\t\t\t<div class=\"e-con-inner\">\n\t\t<div class=\"elementor-element elementor-element-90144bd e-con-full e-flex e-con e-child\" data-id=\"90144bd\" data-element_type=\"container\">\n\t\t<div class=\"elementor-element elementor-element-fa2573d e-con-full e-flex e-con e-child\" data-id=\"fa2573d\" data-element_type=\"container\">\n\t\t\t\t<div class=\"elementor-element elementor-element-86c1786 elementor-widget elementor-widget-text-editor\" data-id=\"86c1786\" data-element_type=\"widget\" data-widget_type=\"text-editor.default\">\n\t\t\t\t<div class=\"elementor-widget-container\">\n\t\t\t\t\t\t\t\t\t<blockquote><p>\u00a0<\/p><p>\u00a0<\/p><h3><span style=\"color: #000000;\">MODALIT\u00c9 \u00c9VALUATION<\/span><\/h3><p>\u00a0<\/p><p>\u00a0<\/p><\/blockquote><p>\u00a0<\/p>\t\t\t\t\t\t\t\t<\/div>\n\t\t\t\t<\/div>\n\t\t\t\t<\/div>\n\t\t<div class=\"elementor-element elementor-element-b1c0c12 e-con-full e-flex e-con e-child\" data-id=\"b1c0c12\" data-element_type=\"container\">\n\t\t\t\t<div class=\"elementor-element elementor-element-9bf7a4b elementor-widget elementor-widget-text-editor\" data-id=\"9bf7a4b\" data-element_type=\"widget\" data-widget_type=\"text-editor.default\">\n\t\t\t\t<div class=\"elementor-widget-container\">\n\t\t\t\t\t\t\t\t\t<ul><li><p><strong>\u00c9valuation initiale<\/strong>: Diagnostic des comp\u00e9tences.<\/p><\/li><li><p><strong>\u00c9valuations interm\u00e9diaires<\/strong>: Exercices pratiques, mises en situation, \u00e9tudes de cas.<\/p><\/li><li><p><strong>\u00c9valuation \u00e0 chaud <\/strong>: Validation des acquis via des tests (QCM, jeux de r\u00f4les, questionnaires\u2026).<\/p><\/li><li><p><strong>\u00c9valuation \u00e0 froid <\/strong><em>(\u00e0 3 mois) <\/em>: V\u00e9rification de la mise en \u0153uvre des acquis en situation professionnelle via un questionnaire de suivi envoy\u00e9 au participant et\/ou \u00e0 l\u2019employeur, permettant d\u2019\u00e9valuer l\u2019impact r\u00e9el de la formation sur le poste de travail.<\/p><\/li><\/ul>\t\t\t\t\t\t\t\t<\/div>\n\t\t\t\t<\/div>\n\t\t\t\t<\/div>\n\t\t\t\t<\/div>\n\t\t<div class=\"elementor-element elementor-element-fd96b3c e-con-full e-flex e-con e-child\" data-id=\"fd96b3c\" data-element_type=\"container\">\n\t\t<div class=\"elementor-element elementor-element-3be4153 e-con-full e-flex e-con e-child\" data-id=\"3be4153\" data-element_type=\"container\">\n\t\t<div class=\"elementor-element elementor-element-1fa0b3e e-con-full e-flex e-con e-child\" data-id=\"1fa0b3e\" data-element_type=\"container\">\n\t\t\t\t<div class=\"elementor-element elementor-element-3ccf1dd elementor-widget elementor-widget-heading\" data-id=\"3ccf1dd\" data-element_type=\"widget\" data-widget_type=\"heading.default\">\n\t\t\t\t<div class=\"elementor-widget-container\">\n\t\t\t\t\t<h2 class=\"elementor-heading-title elementor-size-default\">MOYENS TECHNIQUES &amp; P\u00c9DAGOGIQUES<\/h2>\t\t\t\t<\/div>\n\t\t\t\t<\/div>\n\t\t<div class=\"elementor-element elementor-element-e19520f e-con-full e-flex e-con e-child\" data-id=\"e19520f\" data-element_type=\"container\">\n\t\t\t\t<div class=\"elementor-element elementor-element-79435ac elementor-widget elementor-widget-text-editor\" data-id=\"79435ac\" data-element_type=\"widget\" data-widget_type=\"text-editor.default\">\n\t\t\t\t<div class=\"elementor-widget-container\">\n\t\t\t\t\t\t\t\t\t<ul style=\"font-weight: 400;\"><li><p><strong>Supports p\u00e9dagogiques :<\/strong> fiches pratiques, guides visuels, vid\u00e9os explicatives.<\/p><\/li><li><p><strong>Simulations interactives et mises en situation r\u00e9elles.<\/strong> <em>(M\u00e9thode interrogative, Multiples \u00e9changes avec et entre les stagiaires, Formation interactive avec \u00e9changes d\u2019exp\u00e9riences, mises en situation, d\u00e9briefing, analyses des situations\u2026)<\/em><\/p><\/li><li><p><strong>Espaces d\u00e9di\u00e9s :<\/strong> salle \u00e9quip\u00e9e (vid\u00e9oprojecteur, tableau blanc, connexion internet) et am\u00e9nagements adapt\u00e9s aux jeux de r\u00f4le.<\/p><\/li><li>\u00a0<\/li><\/ul>\t\t\t\t\t\t\t\t<\/div>\n\t\t\t\t<\/div>\n\t\t\t\t<\/div>\n\t\t\t\t<\/div>\n\t\t<div class=\"elementor-element elementor-element-0e03408 e-con-full e-flex e-con e-child\" data-id=\"0e03408\" data-element_type=\"container\">\n\t\t\t\t<div class=\"elementor-element elementor-element-0c1d99d elementor-widget elementor-widget-heading\" data-id=\"0c1d99d\" data-element_type=\"widget\" data-widget_type=\"heading.default\">\n\t\t\t\t<div class=\"elementor-widget-container\">\n\t\t\t\t\t<h2 class=\"elementor-heading-title elementor-size-default\">SUIVI DE FORMATION<\/h2>\t\t\t\t<\/div>\n\t\t\t\t<\/div>\n\t\t<div class=\"elementor-element elementor-element-515a4c5 e-con-full e-flex e-con e-child\" data-id=\"515a4c5\" data-element_type=\"container\">\n\t\t\t\t<div class=\"elementor-element elementor-element-34bfe25 elementor-widget elementor-widget-text-editor\" data-id=\"34bfe25\" data-element_type=\"widget\" data-widget_type=\"text-editor.default\">\n\t\t\t\t<div class=\"elementor-widget-container\">\n\t\t\t\t\t\t\t\t\t<p>\u00a0<\/p><ul><li>Questionnaire de satisfaction en fin de formation.<\/li><\/ul><ul><li>\u00c9valuation du transfert des acquis sur le terrain.<\/li><\/ul><ul><li>Apr\u00e8s chaque formation, une fiche r\u00e9capitulative des points cl\u00e9s est envoy\u00e9e aux apprenants, leur permettant de conserver une trace et de nous contacter si besoin.<\/li><\/ul>\t\t\t\t\t\t\t\t<\/div>\n\t\t\t\t<\/div>\n\t\t\t\t<\/div>\n\t\t\t\t<\/div>\n\t\t\t\t<\/div>\n\t\t<div class=\"elementor-element elementor-element-6b954f8 e-con-full e-flex e-con e-child\" data-id=\"6b954f8\" data-element_type=\"container\">\n\t\t<div class=\"elementor-element elementor-element-17bd104 e-con-full e-flex e-con e-child\" data-id=\"17bd104\" data-element_type=\"container\">\n\t\t\t\t<div class=\"elementor-element elementor-element-e2102f2 elementor-widget elementor-widget-text-editor\" data-id=\"e2102f2\" data-element_type=\"widget\" data-widget_type=\"text-editor.default\">\n\t\t\t\t<div class=\"elementor-widget-container\">\n\t\t\t\t\t\t\t\t\t<p><strong>\u00c0 l&#8217;issue de cette formation, les participants seront capables de :<\/strong><\/p><p style=\"text-align: left;\">Assurer une gestion de nuit fluide et s\u00e9curis\u00e9e en ma\u00eetrisant les outils et les proc\u00e9dures internes de l\u2019h\u00f4tel.<\/p><p style=\"text-align: left;\">Adopter une posture professionnelle adapt\u00e9e au travail nocturne, garantissant un environnement rassurant et<br \/>un service irr\u00e9prochable.<\/p><p style=\"text-align: left;\">Organiser et prioriser les t\u00e2ches de mani\u00e8re autonome, en optimisant la gestion des diff\u00e9rentes missions de la<br \/>nuit.<\/p><p style=\"text-align: left;\">R\u00e9agir rapidement et efficacement face aux urgences et situations sensibles, en g\u00e9rant les conflits de mani\u00e8re<br \/>professionnelle.<\/p><p style=\"text-align: left;\">Adapter leur rythme de vie pour maintenir un \u00e9quilibre personnel, favorisant leur bien-\u00eatre tout en assurant<br \/>une performance optimale dans le travail de nuit.<\/p>\t\t\t\t\t\t\t\t<\/div>\n\t\t\t\t<\/div>\n\t\t\t\t<\/div>\n\t\t\t\t<\/div>\n\t\t\t\t<\/div>\n\t\t\t\t<div class=\"elementor-element elementor-element-0ac8c38 elementor-widget elementor-widget-spacer\" data-id=\"0ac8c38\" data-element_type=\"widget\" data-widget_type=\"spacer.default\">\n\t\t\t\t<div class=\"elementor-widget-container\">\n\t\t\t\t\t\t\t<div class=\"elementor-spacer\">\n\t\t\t<div class=\"elementor-spacer-inner\"><\/div>\n\t\t<\/div>\n\t\t\t\t\t\t<\/div>\n\t\t\t\t<\/div>\n\t\t\t\t\t<\/div>\n\t\t\t\t<\/div>\n\t\t<div class=\"elementor-element elementor-element-3f0da74 e-flex e-con-boxed e-con e-parent\" data-id=\"3f0da74\" data-element_type=\"container\">\n\t\t\t\t\t<div class=\"e-con-inner\">\n\t\t<div class=\"elementor-element elementor-element-10a5219 e-con-full e-flex e-con e-child\" data-id=\"10a5219\" data-element_type=\"container\">\n\t\t<div class=\"elementor-element elementor-element-e861c9e e-con-full e-flex e-con e-child\" data-id=\"e861c9e\" data-element_type=\"container\">\n\t\t\t\t<div class=\"elementor-element elementor-element-9f05baa elementor-widget elementor-widget-button\" data-id=\"9f05baa\" data-element_type=\"widget\" data-widget_type=\"button.default\">\n\t\t\t\t<div class=\"elementor-widget-container\">\n\t\t\t\t\t\t\t\t\t<div class=\"elementor-button-wrapper\">\n\t\t\t\t\t<a class=\"elementor-button elementor-button-link elementor-size-sm\" href=\"https:\/\/drive.google.com\/file\/d\/1KKyljq4huBFZWJH4MeFUsWvDm0tc-sBI\/view?usp=sharing\" target=\"_blank\">\n\t\t\t\t\t\t<span class=\"elementor-button-content-wrapper\">\n\t\t\t\t\t\t\t\t\t<span class=\"elementor-button-text\">T\u00e9l\u00e9charger le programme<\/span>\n\t\t\t\t\t<\/span>\n\t\t\t\t\t<\/a>\n\t\t\t\t<\/div>\n\t\t\t\t\t\t\t\t<\/div>\n\t\t\t\t<\/div>\n\t\t\t\t<\/div>\n\t\t\t\t<\/div>\n\t\t\t\t\t<\/div>\n\t\t\t\t<\/div>\n\t\t<div class=\"elementor-element elementor-element-737be37 e-flex e-con-boxed e-con e-parent\" data-id=\"737be37\" data-element_type=\"container\">\n\t\t\t\t\t<div class=\"e-con-inner\">\n\t\t\t\t<div class=\"elementor-element elementor-element-98f0f94 elementor-widget elementor-widget-spacer\" data-id=\"98f0f94\" data-element_type=\"widget\" data-widget_type=\"spacer.default\">\n\t\t\t\t<div class=\"elementor-widget-container\">\n\t\t\t\t\t\t\t<div class=\"elementor-spacer\">\n\t\t\t<div class=\"elementor-spacer-inner\"><\/div>\n\t\t<\/div>\n\t\t\t\t\t\t<\/div>\n\t\t\t\t<\/div>\n\t\t\t\t\t<\/div>\n\t\t\t\t<\/div>\n\t\t<div class=\"elementor-element elementor-element-90c0e24 e-flex e-con-boxed e-con e-parent\" data-id=\"90c0e24\" data-element_type=\"container\">\n\t\t\t\t\t<div class=\"e-con-inner\">\n\t\t<div class=\"elementor-element elementor-element-8071915 e-con-full e-flex e-con e-child\" data-id=\"8071915\" data-element_type=\"container\">\n\t\t\t\t<div class=\"elementor-element elementor-element-079dc89 elementor-widget elementor-widget-text-editor\" data-id=\"079dc89\" data-element_type=\"widget\" data-widget_type=\"text-editor.default\">\n\t\t\t\t<div class=\"elementor-widget-container\">\n\t\t\t\t\t\t\t\t\t<p><em>Date de mise \u00e0 jour : F\u00e9vrier 2025<\/em><\/p>\t\t\t\t\t\t\t\t<\/div>\n\t\t\t\t<\/div>\n\t\t\t\t<\/div>\n\t\t\t\t\t<\/div>\n\t\t\t\t<\/div>\n\t\t\t\t<\/div>\n\t\t","protected":false},"excerpt":{"rendered":"<p>LE M\u00c9TIER DE NIGHT AUDITOR OBJECTIFS P\u00c9DAGOGIQUES S\u00e9curiser et professionnaliser la gestion de nuit en h\u00f4tellerie pour garantir un service fluide et performant. Travaillerde nuit exige des comp\u00e9tences sp\u00e9cifiques en autonomie, en gestion des urgences et en organisation des t\u00e2ches. Cetteformation permet aux \u00e9quipes de ma\u00eetriser les attentes du poste, d\u2019assurer une continuit\u00e9 de service [&hellip;]<\/p>\n","protected":false},"author":1,"featured_media":0,"parent":0,"menu_order":0,"comment_status":"closed","ping_status":"closed","template":"elementor_header_footer","meta":{"footnotes":""},"class_list":["post-5243","page","type-page","status-publish","hentry"],"_links":{"self":[{"href":"https:\/\/isonia-conseil.fr\/index.php\/wp-json\/wp\/v2\/pages\/5243","targetHints":{"allow":["GET"]}}],"collection":[{"href":"https:\/\/isonia-conseil.fr\/index.php\/wp-json\/wp\/v2\/pages"}],"about":[{"href":"https:\/\/isonia-conseil.fr\/index.php\/wp-json\/wp\/v2\/types\/page"}],"author":[{"embeddable":true,"href":"https:\/\/isonia-conseil.fr\/index.php\/wp-json\/wp\/v2\/users\/1"}],"replies":[{"embeddable":true,"href":"https:\/\/isonia-conseil.fr\/index.php\/wp-json\/wp\/v2\/comments?post=5243"}],"version-history":[{"count":37,"href":"https:\/\/isonia-conseil.fr\/index.php\/wp-json\/wp\/v2\/pages\/5243\/revisions"}],"predecessor-version":[{"id":6099,"href":"https:\/\/isonia-conseil.fr\/index.php\/wp-json\/wp\/v2\/pages\/5243\/revisions\/6099"}],"wp:attachment":[{"href":"https:\/\/isonia-conseil.fr\/index.php\/wp-json\/wp\/v2\/media?parent=5243"}],"curies":[{"name":"wp","href":"https:\/\/api.w.org\/{rel}","templated":true}]}}